 16 + -13. Suppose -8*q + 1421 = 18*q - 1777. What is the highest common divisor of b and q?
3
Let d = 269 + -256. Suppose -3*a + 2*b = -226, 5*b - d = -a + 34. What is the greatest common divisor of 27 and a?
9
Let p(c) = 43*c**2 - 622*c - 34. Let t be p(17). Calculate the greatest common divisor of 107 and t.
107
Let q = -377 - -603. Suppose -5*j + m = -4*j - 45, 5*j = 4*m + q. Suppose -1242 = -2*b - b. Calculate the highest common factor of b and j.
46
Suppose 0 = 5*i + 30, 3*i - 14 = 3*t - 68. What is the greatest common divisor of 24408 and t?
12
Let w(b) = b**2 - 26*b - 33. Let g be w(28). Suppose 3*c = f - g, -20*f + 22*f - 4*c = 54. What is the greatest common divisor of 91 and f?
7
Suppose 0 = 2*o + 2*p - 15740, -7876 = -o + 16*p - 14*p. What is the highest common factor of o and 96?
96
Let l(w) = -w**3 - 21*w**2 + 20*w + 2. Let f be l(-22). What is the greatest common factor of 46 and f?
46
Let g(i) = i**3 + 4*i**2 - 58*i + 395. Let c be g(7). Calculate the greatest common divisor of c and 1144.
88
Suppose 5*v - 72 = 4*y - 87, 3*y - 17 = -2*v. Let w = -19 - -51. Let o = v + w. Calculate the highest common factor of 66 and o.
33
Let n(d) = d**2 + 17*d - 3. Let g be n(-18). Suppose -40 = g*w - 23*w. What is the highest common factor of 3 and w?
1
Let c(l) = -4*l - 24. Let x(s) = 17*s**3 - 16*s**3 + 2*s**2 - 5*s - 1 + 1. Let k be x(-4). Let n be c(k). What is the greatest common divisor of n and 3?
3
Let r be (-6 + 195/52)*4720/(-6). Calculate the greatest common divisor of 30 and r.
30
Let r(u) = 14*u**2 - 2021*u + 276. Let x be r(145). What is the greatest common divisor of x and 51?
51
Let f = 2722 + -2685. Calculate the highest common divisor of 925 and f.
37
Let n be (34/36)/((-13)/(-130)) + 36/(-81). What is the highest common factor of n and 25011?
9
Let k be 4*(-7 - -1)*5/(-15). Calculate the highest common factor of k and 2168.
8
Suppose -2*c + 1391 = 2*z + 6171, 0 = -2*z - 3*c - 4775. Let x = z - -3625. Calculate the greatest common divisor of x and 30.
30
Let l(d) = 3*d**2 - 109*d - 2961. Let y be l(-27). What is the highest common divisor of y and 241?
241
Let p = 1151 + -695. What is the highest common factor of 285 and p?
57
Let q be 36659/49 + 5 - (-2)/(-14). Calculate the highest common divisor of 6 and q.
3
Suppose 12*x - 9*x = -23*q + 53, -3*q + 3 = 0. What is the highest common divisor of 140 and x?
10
Let x(i) = -83*i + 1539. Let v be x(17). What is the greatest common factor of v and 10656?
32
Let l be (14 + 2)/(-2) + -36. Let t = l + 148. Calculate the highest common divisor of 65 and t.
13
Let x = 93 - 83. Suppose 0 = 6*f - x - 110. What is the greatest common factor of f and 250?
10
Let z be (-1476)/2706 + (-4956)/(-11). Calculate the greatest common factor of z and 525.
75
Let s = 123 + -3. Suppose -10*a - 7*a = -153. Let q be (-143)/(-3) + 3/a. What is the greatest common divisor of s and q?
24
Let p = -2800 + 2905. What is the greatest common factor of 135 and p?
15
Suppose 14760 = -1948*q + 1968*q. What is the greatest common factor of 81 and q?
9
Suppose -5*t - 2*o + 7138 = 0, 45*t - 43*t - 2860 = 4*o. What is the highest common divisor of 17 and t?
17
Suppose 4*z - 5222 = 108*d - 111*d, d - 1754 = -4*z. Calculate the greatest common factor of d and 2.
2
Let b = -18752 - -21011. What is the greatest common divisor of 72 and b?
9
Let z(t) = t**2 - 37*t - 128. Let s be z(44). Calculate the greatest common factor of s and 288.
36
Let a be ((-8)/(-6))/((-2)/(-15)). Let i(z) = a*z + 5*z + 3*z - 12 + 2. Let h be i(2). Calculate the highest common factor of h and 13.
13
Let t be (0 - -7) + -9 - -6. Let j be (56/(-63))/t + (-1118)/(-9). Calculate the greatest common factor of 4 and j.
4
Let q = 591 - 194. Suppose -2*o + 2*y + 231 = 35, 4*o = -y + q. Calculate the highest common factor of 18 and o.
9
Let g be 5/((-20)/(-8)) - -10. Let v be (207 - 4) + g/(-4). Suppose 3*s - v = -2*s. Calculate the highest common divisor of 360 and s.
40
Suppose 60*n - 2080 = 1760. Calculate the highest common factor of n and 8.
8
Let f be (-253)/1771 - (-20385)/7. Calculate the highest common divisor of 273 and f.
91
Let w = -33 - -37. Suppose 0 = -w*v + 5*j + 25, v - 5*j - 7 = 3. Suppose -2*x + 36 = v*s - 13, 0 = 4*s + 4. Calculate the highest common factor of 54 and x.
27
Suppose -3*z - 1045 = 515. Let p = z - -538. Let g be (-1)/(-2)*-4*-18. Calculate the highest common factor of g and p.
18
Let h(v) = 62 - 1 - 2 - 383*v + 1. Let u be h(-2). Calculate the greatest common divisor of u and 14.
14
Suppose 20*g - 54 = 16*g + 2*f, -4*f = g + 9. Suppose -3*x = -4*x + 10. Let n be (7/35)/(2/x). What is the highest common factor of n and g?
1
Let v = -18 + -7. Let p be ((-126)/45)/(1/v*1). Calculate the highest common factor of 28 and p.
14
Let o be 6*4*((-125)/40 + 4). Suppose d = 2*d - 84. Calculate the highest common factor of d and o.
21
Let x(t) = 76*t**2 - 5*t - 56*t**2 - 8*t + 67 - 3*t - 5*t. Let n be x(3). Calculate the highest common factor of 23 and n.
23
Suppose 6 = -0*i + 2*i. Let l be (-57)/(-3) - (-3 + i). Suppose -148*m + 9063 = -95*m. Calculate the highest common factor of m and l.
19
Let c be 35/(-105)*(0 + 0). Suppose -7*g - 52 + 360 = c. What is the highest common divisor of g and 33?
11
Let u = -1 + 7. Let z = 1363 - -1362. Suppose 0 = -u*p + z - 415. Calculate the greatest common divisor of 35 and p.
35
Suppose -2*q = 2*u - 30, q + q = -5*u + 75. Let t be (-2)/((-3)/(-210)*-2). Let h = t - 40. Calculate the greatest common factor of h and u.
15
Let t(b) = 32*b + 61. Let n(k) = -32*k - 62. Let m(v) = -4*n(v) - 3*t(v). Let q be m(-2). What is the greatest common divisor of 23 and q?
1
Suppose -5*s + 2*f + 15 = 0, -s + 10 = 4*f - 3*f. Suppose -27*j + 154 = -s*j. Calculate the highest common divisor of 5 and j.
1
Suppose -3*y = -54*y + 4284. What is the greatest common factor of y and 456?
12
Let b(w) = -3. Let j(h) = 4*h + 348. Let v(u) = -4*b(u) + j(u). Let m be v(-38). Calculate the greatest common factor of m and 156.
52
Suppose 5*y = -x + 7*y, -2*x + 16 = 4*y. What is the greatest common divisor of 326 and x?
2
Let c be (3 + 0 - -97)/2. Suppose -9*h = 5 - c. Let k(a) = a**3 - 4*a**2 + 8*a - 7. Let o be k(h). Calculate the highest common divisor of o and 29.
29
Suppose x + 123 = i, -4*i + 565 = 2*x + 55. Calculate the highest common divisor of 217 and i.
7
Suppose -3*v + 16 = m, -4 = 4*v + 8. Let q = m + -22. What is the highest common factor of q and 14?
1
Let f be (-42)/35*(-18 + -2). Let b be (f/7)/(60/4410). What is the greatest common factor of b and 72?
36
Suppose 447*g - 141129 = 41247. Calculate the greatest common factor of 16 and g.
8
Suppose -26*o = 71*o - 67*o - 147840. What is the highest common factor of o and 128?
64
Suppose 65 = -2*j + 75. Suppose -c + 114 = j*c. Suppose -c*l - 280 = -24*l. Calculate the highest common divisor of 16 and l.
8
Suppose -q = -5, 0 = -4*n + 6*q + 485 + 357. Calculate the highest common factor of n and 4033.
109
Let m be ((-129)/(-9) - 1)/(-8*(-20)/27840). What is the highest common divisor of m and 725?
145
Let u(y) = -3*y**2 - 28*y + 63. Let n be u(-17). Let o = n - -483. What is the highest common factor of 62 and o?
31
Let h(a) = a**3 + 56*a**2 - 5*a - 230. Let t be h(-56). Calculate the highest common factor of 7925 and t.
25
Let o(d) = -d**3 + 6*d**2 - 191*d + 983. Let b be o(5). What is the greatest common factor of 10653 and b?
53
Suppose -5*v - 5*p + p + 2609 = 0, -p + 521 = v. Calculate the greatest common divisor of 280 and v.
35
Let k = 5524 - 5509. What is the greatest common factor of k and 16365?
15
Let r(z) = 32*z**2 - 9*z + 100. Let j be r(32). Calculate the greatest common factor of 18 and j.
18
Suppose -17*q + 19*q - b = 3196, 3*q + 2*b = 4794. What is the greatest common divisor of q and 34?
34
Suppose -425*w + 470*w - 409 = 806. Let s be (-3)/(0 + 1/(-63)). Calculate the greatest common divisor of w and s.
27
Let j(y) = 32*y**2 - 6*y - 4. Let r be j(-4). Let q = -76133 + 76209. What is the highest common factor of q and r?
76
Let y be -5*((-888)/60 - -4). Calculate the highest common divisor of 1674 and y.
54
Let m = -1572 - -1556. Let i(q) = 10 + 16*q + 9 + q**2 - 6. Let c be i(m). Calculate the greatest common divisor of c and 13.
13
Let t(b) = 83*